25*q + 28. What is the hundreds digit of y(-10)?
8
Suppose 4*a - 298 = -3*p, -105 = -5*p - 2*a + 415. Suppose -f - p = -2*f. What is the tens digit of f?
0
Let b = 174 - 70. What is the tens digit of (-3)/(b/(-98) + 1)?
4
Let l be -4 - 110/(-25) - (-18)/5. Let d(h) = 0*h + 2*h + 3*h**2 - h**2. What is the units digit of d(l)?
0
Let y(r) = 9*r + 15. Let p be y(-9). Let l = p - -107. What is the units digit of l?
1
Let s = 93 + -59. What is the tens digit of (1 - -60) + s/17?
6
Suppose 0 = 2*c + 15 - 19. Suppose -74 = c*t - 4*t. What is the units digit of t?
7
Suppose 3*m - 234 - 621 = 0. Let n = -192 + m. What is the units digit of n?
3
Suppose 0 = 149*u - 150*u + 336. What is the tens digit of u?
3
Suppose 0 = n - 3*i + 29, 5*i = -n - 7 + 2. Let d(a) = -35*a**3 - a**2 + 1. Let l be d(-1). Let k = n + l. What is the tens digit of k?
1
Let t = 5 + -18. Let m(l) = 90*l - 3. Let z be m(-1). What is the units digit of z/t - 8/52?
7
Let u(m) = m**3 - 11*m**2 + 12*m - 16. Let s be u(10). Let o(n) = n + 4. What is the units digit of o(s)?
8
Suppose 0 = -0*v + 2*v - 384. Let a = -133 + v. What is the units digit of a?
9
Let r(o) = -17*o - 1. Let t be r(3). Let c = t + 92. What is the units digit of c?
0
Let m = -1528 - -2878. What is the tens digit of m?
5
Suppose -1707 = -2*m + 1109. What is the thousands digit of m?
1
Let n(d) = -d**2 + 13*d. Let w be (-20)/(-120) - (-65)/6. What is the units digit of n(w)?
2
Suppose -8*f + 92 = -10*f. Let p = 100 + f. What is the tens digit of p?
5
Let d(c) = -c**2 - 17*c + 21. Let l be d(-18). What is the units digit of 63 - (l - 4)/1?
4
Let x(w) = 3*w - 8. Let y be x(4). Suppose 0 = y*q - 2*q - 10. Suppose -185 = -5*g - 5*p, -152 = g - q*g - 2*p. What is the units digit of g?
9
Let h = 127 - 147. What is the units digit of 2670/h*4/(-3)?
8
Suppose -3*b - 2*a - 68 = 0, -3*b + 0*b = -a + 83. Let t = b + 59. What is the tens digit of t?
3
Suppose -5*x - 5738 = -3*c - 646, x + 5096 = 3*c. What is the thousands digit of c?
1
Let z = 0 + -5. Let q be 196/10 - 2/z. Suppose 5*n = k, 5*k - q = n + 4. What is the units digit of n?
1
Let a(y) be the second derivative of -y**4/12 - y**3/3 - 3*y**2 + y. Let r be a(-3). Let u(b) = b**3 + 8*b**2 - 9*b + 2. What is the units digit of u(r)?
2
Suppose 2*p - 3*x = 8261, 7*p = 12*p - 3*x - 20675. What is the units digit of p?
8
Let n = 22 + -6. Suppose 17*k - n*k - 29 = 0. What is the units digit of k?
9
Suppose -585 = -3*f + 75. Suppose -3*i - q = -f, -3*i - 2*q + 368 = 2*i. What is the tens digit of i?
7
Let q(t) = -t**3 - 6*t**2 - 10*t - 9. Let n be q(-6). Suppose 5*u - p - 19 - n = 0, p = 0. Suppose 4*k + u = 6*k. What is the units digit of k?
7
Let a be (3/2)/(15/230). Suppose -5*h + 7 = -2*t, -3*t - 5*h + 0*h + 27 = 0. Suppose p - a = -4*f, 3*p = f - 0*p + t. What is the units digit of f?
5
Let a be 2 + 1 - (-1 + -78). Suppose -4*f + 46 + a = 0. What is the units digit of f?
2
Suppose -3*j - 7 = 5*d - 206, -3*d + 2*j = -108. Let o be d/9 - 2/9. Suppose 0 = -3*a - 2*w + 131, o*w = 3*a - 23 - 102. What is the units digit of a?
3
Let z(v) = 2*v**2 + 8*v + 574. What is the units digit of z(-39)?
4
Let k(r) = -94*r**2 - r + 2. Let v be k(-2). Let l be (-10)/(-35) + v/(-21). Let n = 19 - l. What is the units digit of n?
1
Let f be 6/(-2) + 0 + 6. Suppose -f*y + 44 = -10. Suppose -6*j = -3*j - y. What is the units digit of j?
6
Suppose 3003 - 10803 = -13*x. What is the hundreds digit of x?
6
Let g = 339 - 126. Let c = -152 + g. What is the tens digit of c?
6
Let i(c) = 212*c - 33. What is the units digit of i(4)?
5
Let o = 29 - 27. Suppose -o*r + 10 = -4. Let s = 21 - r. What is the units digit of s?
4
Let p(b) = 3*b + 3 - 5*b - 3 - 15. Let z be p(0). Let v = 38 + z. What is the units digit of v?
3
Suppose -3*k = 3*u - 5391, -k + 4*u = 59 - 1851. What is the hundreds digit of k?
7
Let c(v) = 8*v**2 - 3*v - 10. Let j be c(10). Suppose -6*o = -j + 100. What is the tens digit of o?
1
Let j be (-1)/(-4 - (-375)/95). Suppose 0 = -g + 2*y + 3*y - 2, 0 = 3*g - 5*y - 4. Suppose 15 = 5*t - 5*b, -j = 3*t - 4*t - g*b. What is the units digit of t?
7
Let b(z) = 1 - 3 + 5*z**2 - 2 + 5*z. Suppose 0 = -2*o + 3*o + 4. What is the tens digit of b(o)?
5
Let h be 3/(-2) - (-1 - 46/4). Suppose 10*n + 46 = h*n. What is the tens digit of n?
4
Let p(y) = -y - 3. Let f be p(0). Let t be ((-3)/(-9))/(f/(-225)). Suppose 5*l - t = 4*l. What is the units digit of l?
5
What is the units digit of (-21593)/(-9) + (-56)/252?
9
Suppose -3*h + 4410 + 6966 = 0. What is the units digit of h?
2
Let m(f) = -f**2 + 3*f - 4. Let r be m(-3). Let s = -14 + r. What is the tens digit of 9/(s/(-112)) + 0?
2
Let g be (-2)/7 - 18/(-63). Suppose g*b + 5*b = 0. Let c(v) = v**2 + 9. What is the units digit of c(b)?
9
What is the units digit of (366 - -1) + 6 + -11?
2
Suppose 3*w - 11 - 7 = 0. Suppose 0 = -11*i + 247 + w. What is the tens digit of i?
2
What is the tens digit of (0 + -2)*-2 + (-3913)/(-13)?
0
Suppose 9 = f + 2*f. Suppose -7*u = -f*u - 96. What is the units digit of u?
4
Suppose 2*z = -6 - 10. Let a = z - -7. Let f = a + 2. What is the units digit of f?
1
Let g(x) = -21 + 2*x + 11 + 5*x. Let j(v) = -13*v + 19. Let y(h) = 5*g(h) + 3*j(h). What is the tens digit of y(-5)?
2
Let p(f) = -f. Let i be p(5). Let z = -5 - i. Suppose z = -g + 8. What is the units digit of g?
8
Let v be (-1)/((-2)/10*-1). Let c(b) = 1 - 6*b - 3*b**2 + b + 2*b + 6*b - b**3. What is the units digit of c(v)?
6
Suppose 0 = -34*r + 28*r + 11694. What is the units digit of r?
9
Suppose 7269 = -0*d + 3*d. What is the units digit of d?
3
Suppose 3*l = 5*c - 5491, -9*c = -14*c - l + 5483. What is the units digit of c?
7
Let l(v) = -5*v**2 - 13 - v - 7*v + 2*v - v**3 - 3*v**2. What is the units digit of l(-8)?
5
Let p(s) = s**3 - 3*s**2 + s. Let k be p(2). Let n be 3 - (-18)/(k + 0). What is the units digit of n/9 + 68/3?
2
Let s = 838 + 206. What is the hundreds digit of s?
0
Suppose -3 = 2*w + w - 5*x, 6 = 2*x. Let b(u) = 2*u**3 + 5*u**2 - 6*u + 1. What is the tens digit of b(w)?
8
Suppose 4*x = -x + 20. Let c(j) = j**2 - 20*j + 39. Let b be c(18). Suppose -x*g = -4*n + 104, b*g - 46 = -2*n + 2*g. What is the units digit of n?
4
What is the units digit of (-456)/(-21) + ((-52)/14 - -4)?
2
Let x(n) = n**2 - 6*n + 12. Let i be x(-6). Let g = 127 - i. What is the tens digit of g?
4
Let q(h) = 2*h - 6. Let p be 10/6*84/70. Let i be q(p). What is the tens digit of (i - -3) + (-38)/(-1)?
3
Suppose -2*g = 4*k - 2052, -2*k + 20*g - 24*g = -1014. What is the hundreds digit of k?
5
Let j = 1421 + -1306. What is the units digit of j?
5
Suppose -4*t - 32 = -4*i - 3292, 5*t - 4*i - 4072 = 0. What is the units digit of t?
2
Suppose -245 = -5*l + 1510. What is the units digit of l?
1
Suppose -t - 8 = -3*m + 3*t, 0 = -5*m + 4*t + 8. Let b = m + 12. Let v = b - 0. What is the tens digit of v?
1
Let b(j) = 74*j - 406. What is the units digit of b(10)?
4
What is the tens digit of (-2 - 12/(-3)) + 81?
8
Suppose 4*l - 27 = -3. Suppose 4*w = l*w - 44. What is the units digit of w?
2
Suppose -3*i = 2*x - 907, 4*x = i + 2*i - 895. What is the tens digit of i?
0
Suppose 2*d = -5*b - 2 + 3, 0 = 3*b + 3*d - 6. Let i = b - -25. What is the tens digit of i?
2
Let y be 0/((1 - 4) + 5). Suppose 5*m + 5*n - 115 = y, -3*m - 3*n + 87 = m. What is the units digit of m - 8 - (3 - 0)?
7
Let j be (-2)/4*(-17 + -4 + -5). Let b(q) = 7*q + 50. What is the units digit of b(j)?
1
Let l = 23 + -20. Suppose 8 = b + l*b. Suppose 2*g = -y + b*y - 39, -y + 4*g = -41. What is the tens digit of y?
3
Let h(j) = -8*j + 5. Let r(t) = t. Let u(f) = h(f) - 5*r(f). Let m be -2 + (0 - 0)*-1. What is the units digit of u(m)?
1
Suppose -12 - 5 = -3*t + 5*k, -5*t = -4*k - 24. Suppose y - 96 = -2*p - 3*p, -p = -t*y + 300. What is the tens digit of y?
7
Suppose 8*o - 16*o = -7384. What is the units digit of o?
3
Let c = -50 + 62. Suppose c*b - 416 = 40. What is the units digit of b?
8
Let q be (-1 + 3)/(12/(-18))*-83. Suppose -p + q = -3*h, p - h + 491 = 3*p. What is the units digit of p?
6
What is the thousands digit of (8 + 14176)/8 + -11?
1
Let m(w) = w**2 + w + 1. Let t = 9 - 11. Let o be m(t). Suppose -84 = -3*j - o*a, -3*j - 2*a = -0*a - 85. What is the units digit of j?
9
Suppose 0 = -3*x + 44 - 50. Wha